39373 a composite number?
False
Is 23408625479 prime?
True
Is 250886591 a prime number?
True
Is 337656643 prime?
True
Is 1784913727 a prime number?
True
Is 31801126571 a composite number?
True
Is 24227941505 prime?
False
Is 10386702791 a prime number?
True
Is 4267557851 a composite number?
True
Is 7952041081 a prime number?
True
Is 4098078811 prime?
True
Is 35359645409 prime?
False
Is 113901217949 composite?
False
Is 27518562857 prime?
False
Is 15751804609 composite?
False
Is 6415297849 prime?
False
Is 5409649045 composite?
True
Is 6883580345 prime?
False
Is 8936564738 prime?
False
Is 22114872511 a prime number?
False
Is 382168367 a prime number?
False
Is 60073543 composite?
False
Is 274831147 a prime number?
False
Is 890516218 prime?
False
Is 85315884197 prime?
False
Is 3412185253 a composite number?
True
Is 133226168039 a composite number?
True
Is 190363937 a prime number?
True
Is 39949492577 a prime number?
False
Is 1983722723 a composite number?
False
Is 1925046923 a prime number?
False
Is 170899273 prime?
False
Is 7971145967 composite?
True
Is 900089699 a composite number?
True
Is 3617956739 composite?
True
Is 661939171 a composite number?
True
Is 8604539413 a prime number?
True
Is 8280154121 prime?
True
Is 9587561498 composite?
True
Is 1639500041 composite?
True
Is 423714803 prime?
False
Is 42694451551 a prime number?
True
Is 5376453089 composite?
True
Is 15727260559 a prime number?
True
Is 4988758451 a composite number?
False
Is 2206563019 a composite number?
True
Is 135295161307 composite?
True
Is 80252768033 a prime number?
True
Is 46626889433 prime?
False
Is 88928778791 composite?
False
Is 6441250541 composite?
True
Is 827441269 composite?
True
Is 384233309 a composite number?
False
Is 22670218507 a prime number?
False
Is 1753902473 a prime number?
True
Is 4111992931 prime?
False
Is 8027436779 a prime number?
True
Is 6636144623 composite?
False
Is 742276771 prime?
True
Is 132239689121 a prime number?
False
Is 2221713631 prime?
True
Is 5019396619 a composite number?
False
Is 421568779 composite?
False
Is 3458091529 prime?
False
Is 1443307759 a composite number?
False
Is 384470503 a prime number?
False
Is 4429340947 a prime number?
False
Is 7766676941 a composite number?
False
Is 17601525863 a composite number?
False
Is 38538975023 composite?
False
Is 94939453757 a composite number?
False
Is 24053859029 composite?
False
Is 27091074027 prime?
False
Is 15247149629 prime?
True
Is 1475991089 a composite number?
False
Is 133271029 a prime number?
False
Is 10520160593 prime?
True
Is 8939125439 a prime number?
True
Is 200819611 composite?
True
Is 343544411077 prime?
False
Is 263533265 a composite number?
True
Is 11728747847 composite?
True
Is 9523496501 a composite number?
True
Is 1804430755 a prime number?
False
Is 423629911 composite?
True
Is 15654294213 a composite number?
True
Is 13072197445 prime?
False
Is 10958678267 a prime number?
True
Is 21300741533 composite?
True
Is 14106916559 a prime number?
False
Is 12103171611 prime?
False
Is 135185767 prime?
True
Is 511062031 composite?
True
Is 688466753 a composite number?
True
Is 328873723501 a composite number?
True
Is 309534913 a composite number?
False
Is 52434601781 composite?
True
Is 96191059837 composite?
True
Is 2110420577 a composite number?
True
Is 463212977 prime?
False
Is 7137834097 prime?
True
Is 4308942311 composite?
True
Is 48219541109 composite?
False
Is 17955369823 a prime number?
False
Is 45268007 composite?
True
Is 529442326801 a composite number?
False
Is 959178089 a composite number?
True
Is 13404473933 composite?
False
Is 295359329 a composite number?
False
Is 230737026493 composite?
False
Is 112119691093 prime?
False
Is 1008483923 a composite number?
False
Is 6929082871 a prime number?
False
Is 32950843 a composite number?
False
Is 184889219 a composite number?
True
Is 12864260053 composite?
True
Is 566478049 prime?
False
Is 548054476267 a composite number?
False
Is 12321678323 prime?
True
Is 1642634507 prime?
False
Is 186633574837 composite?
False
Is 6240899569 a prime number?
False
Is 266951359 a composite number?
False
Is 1419555659 composite?
True
Is 8055125357 a prime number?
True
Is 20885598649 a prime number?
False
Is 6531062843 composite?
False
Is 8065585543 prime?
True
Is 593125063 a composite number?
True
Is 2054211079 a composite number?
True
Is 21581722522 a composite number?
True
Is 2587414831 a prime number?
False
Is 76695053 a composite number?
True
Is 4296134053 a prime number?
True
Is 61889598959 prime?
True
Is 3617806783 a prime number?
True
Is 4789757051 prime?
False
Is 748746109 a prime number?
True
Is 557061467 composite?
True
Is 2988085277 a prime number?
True
Is 5234481541 composite?
False
Is 2977490521 prime?
False
Is 3459407155 prime?
False
Is 39468230273 prime?
True
Is 7703081437 composite?
True
Is 389937111803 a prime number?
True
Is 10482186389 composite?
False
Is 60749245589 a composite number?
True
Is 1460820311 prime?
True
Is 10520425361 a prime number?
True
Is 1753399139 a composite number?
True
Is 86132962 prime?
False
Is 4846103789 composite?
False
Is 154379365253 composite?
True
Is 3037408091 a composite number?
True
Is 3889747163 composite?
False
Is 2422581229 prime?
False
Is 2340693121 composite?
True
Is 52161539539 a composite number?
True
Is 2599195171 a composite number?
False
Is 87852488277 composite?
True
Is 1492478791 a prime number?
False
Is 18229075999 prime?
True
Is 1098358643 prime?
True
Is 66821241197 a prime number?
False
Is 1018106363 a composite number?
False
Is 10921948865 composite?
True
Is 19500784139 prime?
True
Is 5792652631 composite?
False
Is 2184338851 prime?
True
Is 45975971203 prime?
True
Is 57364622717 a composite number?
False
Is 5357501921 a composite number?
False
Is 24404163319 a prime number?
False
Is 1320046327 composite?
False
Is 12226982837 prime?
False
Is 89066401 a prime number?
False
Is 4988096637 prime?
False
Is 101165706109 a prime number?
False
Is 534208463 a composite number?
False
Is 56965652053 composite?
True
Is 10117198783 a prime number?
False
Is 1823730443 composite?
False
Is 50524283 composite?
True
Is 102268351 a composite number?
False
Is 745245173 prime?
False
Is 4247257227 a prime number?
False
Is 4703797103 a composite number?
True
Is 4684498033 composite?
True
Is 17513609353 prime?
True
Is 3976411771 a prime number?
True
Is 16126995083 a prime number?
True
Is 1811249321 composite?
True
Is 542912807 a prime number?
True
Is 17736357917 composite?
False
Is 267829823719 prime?
True
Is 28319790091 a composite number?
False
Is 2808405263 composite?
False
Is 795802057 a composite number?
False
Is 613776341 prime?
True
Is 7268125597 composite?
True
Is 37572058697 prime?
True
Is 11438840983 prime?
False
Is 5014787 composite?
True
Is 255537853 a composite number?
False
Is 8470328549 a prime number?
True
Is 3120856313 a prime number?
False
Is 5351800133 prime?
False
Is 3238465227 a prime number?
False
Is 647880433 prime?
True
Is 13813231387 a prime number?
True
Is 212347049 composite?
False
Is 1319374799 composite?
False
Is 1695767071 prime?
True
Is 66432209 a prime number?
False
Is 3278481623 prime?
True
Is 759523283 prime?
True
Is 2486801743 composite?
False
Is 31187465 a prime number?
False
Is 365100451 a prime number?
True
Is 627608743 a prime number?
False
Is 118647251 a prime number?
False
Is 4820288899 a prime number?
False
Is 280965637 composite?
False
Is 7127933443 a prime number?
True
Is 1259459419 a prime number?
False
Is 870131279 prime?
True
Is 359227307 prime?
False
Is 7619047511 composite?
True
Is 101446547047 composite?
False
Is 25308085553 prime?
False
Is 10392201109 prime?
False
Is 3068290267 a prime number?
False
Is 5051499919 a prime number?
False
Is 5062511471 a composite number?
False
Is 5184103579 prime?
True
Is 54956593 a composite number?
False
Is 682085719 prime?
False
Is 2872445167 composite?
True
Is 794716163 prime?
True
Is 98605404091 composite?
False
Is 3979454851 composite?
True
Is 2015553467 a composite number?
True
Is 54966713 a prime number?
False
Is 60980726419 a prime number?
True
Is 157157249 prime?
False
Is 54572647033 composite?
False
Is 1924075939 a prime number?
True
Is 20450269133 prime?
False
Is 22937676001 composite?
False
Is 5974756841 a prime